 prime number?
False
Is 5432621 a composite number?
False
Is 553003 prime?
False
Is 5270101 a composite number?
False
Is 5489501 composite?
False
Is 27450157 a prime number?
False
Is 467836151 a composite number?
False
Is 463563673 prime?
True
Is 419493 a composite number?
True
Is 2094907 a prime number?
False
Is 60140039 composite?
True
Is 31777939 prime?
False
Is 16040723 a composite number?
True
Is 25619249 composite?
False
Is 2930009 a composite number?
True
Is 59931743 prime?
False
Is 166723 a composite number?
False
Is 12325231 prime?
True
Is 6180613 composite?
True
Is 40312861 a composite number?
True
Is 24575419 prime?
False
Is 94859 composite?
True
Is 10172747 a composite number?
True
Is 8563577 composite?
True
Is 4474073 a prime number?
True
Is 19923701 prime?
False
Is 35450207 a composite number?
True
Is 13125691 composite?
False
Is 2166161 a prime number?
True
Is 42981115 a composite number?
True
Is 44150371 a composite number?
False
Is 473618707 prime?
True
Is 1788187 composite?
False
Is 550679 a composite number?
False
Is 18479549 composite?
True
Is 7975659 a composite number?
True
Is 28001971 a prime number?
False
Is 258717 composite?
True
Is 4884937 a prime number?
True
Is 28105547 prime?
True
Is 2776107 prime?
False
Is 887394571 a composite number?
True
Is 98765661 a prime number?
False
Is 11002189 composite?
True
Is 360993 composite?
True
Is 48537947 prime?
True
Is 161599549 composite?
False
Is 185291 a composite number?
False
Is 23228437 a prime number?
True
Is 20125489 prime?
False
Is 4378271 a prime number?
True
Is 18722267 a prime number?
True
Is 223087703 a prime number?
False
Is 3388379 a prime number?
True
Is 64571891 a composite number?
False
Is 1290869 a composite number?
False
Is 231779 a prime number?
True
Is 61854469 composite?
False
Is 107013037 prime?
True
Is 4231049 a prime number?
True
Is 35142997 a prime number?
False
Is 8616487 a prime number?
False
Is 456721 composite?
True
Is 35734357 a prime number?
False
Is 10250782 composite?
True
Is 95084579 composite?
False
Is 1059743 composite?
False
Is 301747 composite?
False
Is 206313103 composite?
False
Is 557085521 a composite number?
True
Is 629622031 a prime number?
True
Is 44003567 a prime number?
True
Is 39268519 prime?
True
Is 19916258 prime?
False
Is 21023705 a prime number?
False
Is 61276021 composite?
False
Is 7249331 prime?
True
Is 787467 prime?
False
Is 904261 a prime number?
True
Is 1411499 a composite number?
False
Is 44577446 composite?
True
Is 18102509 composite?
True
Is 17509117 a composite number?
False
Is 28853597 composite?
True
Is 1369297 a prime number?
True
Is 26760017 a prime number?
False
Is 94588229 a prime number?
True
Is 2837491 a prime number?
True
Is 219920509 prime?
True
Is 9965623 prime?
False
Is 576811 a composite number?
True
Is 830827 prime?
True
Is 58309 a composite number?
False
Is 2605481 a composite number?
False
Is 62567965 prime?
False
Is 2194463 prime?
False
Is 6569431 composite?
True
Is 56585101 prime?
True
Is 740166433 prime?
False
Is 44252797 a prime number?
True
Is 400171 prime?
False
Is 222064021 prime?
True
Is 27245539 a prime number?
True
Is 605669 a composite number?
True
Is 22964729 prime?
True
Is 18579857 composite?
False
Is 11584169 a prime number?
True
Is 7311091 composite?
False
Is 82164259 a composite number?
False
Is 115571 a prime number?
True
Is 53615797 a composite number?
True
Is 4157093 prime?
True
Is 5431799 prime?
True
Is 140270509 a prime number?
True
Is 2723969 a composite number?
False
Is 172184729 a prime number?
True
Is 13036711 a composite number?
False
Is 25919071 prime?
True
Is 5082866 prime?
False
Is 272939213 a prime number?
False
Is 16783933 composite?
False
Is 158146643 a composite number?
True
Is 369406183 composite?
False
Is 608434751 prime?
True
Is 912647 prime?
True
Is 18881543 prime?
False
Is 35460511 prime?
False
Is 4209421 composite?
True
Is 2395655 composite?
True
Is 143218007 composite?
False
Is 28022609 a prime number?
True
Is 1690233 prime?
False
Is 55381 a prime number?
True
Is 106623509 prime?
True
Is 82150729 a prime number?
True
Is 28805827 prime?
True
Is 401113 a composite number?
False
Is 167351 composite?
True
Is 2717873 a prime number?
True
Is 1261231 a composite number?
True
Is 656939 prime?
True
Is 6169981 a composite number?
False
Is 245836699 a composite number?
False
Is 26551983 a composite number?
True
Is 1836851 a composite number?
True
Is 1880191 composite?
True
Is 365611 prime?
True
Is 87130891 a composite number?
False
Is 8106905 a prime number?
False
Is 245111453 composite?
True
Is 7276301 a prime number?
False
Is 7159261 composite?
True
Is 97073683 a composite number?
True
Is 81436067 prime?
False
Is 1427670833 a composite number?
False
Is 1495093 composite?
False
Is 252853394 a prime number?
False
Is 6064789 a prime number?
True
Is 55796207 composite?
True
Is 815239 prime?
False
Is 71542649 a composite number?
False
Is 133955485 a prime number?
False
Is 152974697 a prime number?
True
Is 13018919 a composite number?
False
Is 47859503 a prime number?
False
Is 11258731 a composite number?
True
Is 109991234 a composite number?
True
Is 258419845 a composite number?
True
Is 199283783 a composite number?
False
Is 86520223 prime?
True
Is 8252963 a composite number?
True
Is 17936077 a prime number?
True
Is 18303266 a prime number?
False
Is 19851217 a prime number?
True
Is 9337937 prime?
False
Is 14650169 a prime number?
True
Is 1360747 prime?
True
Is 12152369 a prime number?
False
Is 33686787 a composite number?
True
Is 180309001 composite?
False
Is 47857309 a prime number?
False
Is 1411279 prime?
False
Is 886741 composite?
False
Is 62746027 composite?
False
Is 300890297 a prime number?
True
Is 9370117 prime?
True
Is 135560203 a prime number?
False
Is 5863507 prime?
False
Is 52944461 composite?
True
Is 735586997 a composite number?
False
Is 34150069 a prime number?
False
Is 70708769 a prime number?
True
Is 10151853 a composite number?
True
Is 1679521 prime?
True
Is 3974231 a prime number?
False
Is 282949 a prime number?
False
Is 15138053 prime?
False
Is 43585855 a composite number?
True
Is 55393 composite?
True
Is 69777053 a composite number?
False
Is 58667023 composite?
True
Is 59030759 a composite number?
False
Is 279588149 composite?
False
Is 5825993 prime?
True
Is 1079691 a composite number?
True
Is 87510947 a composite number?
False
Is 12712873 a prime number?
True
Is 2396053 prime?
False
Is 918241847 a composite number?
False
Is 4803709 prime?
True
Is 247259861 a prime number?
False
Is 28476097 a prime number?
False
Is 20807921 composite?
True
Is 5914561 composite?
True
Is 15948731 composite?
True
Is 66352789 a prime number?
True
Is 15951491 prime?
False
Is 10153501 composite?
False
Is 2124631 a prime number?
True
Is 6261791 prime?
False
Is 118834459 a composite number?
True
Is 108107 a composite number?
False
Is 54377993 prime?
True
Is 38553587 prime?
True
Is 2498521 composite?
False
Is 19668421 a prime number?
True
Is 102043031 composite?
True
Is 18712361 a prime number?
True
Is 142198163 composite?
True
Is 630995 a prime number?
False
Is 301528147 a prime number?
True
Is 91180021 a composite number?
True
Is 32648471 composite?
False
Is 68754353 prime?
False
Is 7912453 a prime number?
False
Is 6016415 a prime number?
False
Is 5068279 a composite number?
False
Is 503076239 a composite number?
False
Is 19132481 a prime number?
False
Is 3353443 composite?
True
Is 2866363 a prime number?
True
Is 2361991 composite?
False
Is 19693826 prime?
False
Is 110146901 a composite number?
True
Is 3582149 prime?
True
Is 1209371 composite?
True
Is 26672873 a prime number?
True
Is 1215581 prime?
False
Is 2558287 prime?
True
Is 10871907 prime?
False
Is 2174849 prime?
False
Is 11582765 prime?
False
Is 414937849 a composite number?
False
Is 983039 composite?
True
Is 1253947 prime?
True
Is 4879669 a composite number?
False
Is 76236707 a prime number?
True
Is 14993839 composite?
True
Is 123593 composite?
False
Is 20893942 composite?
True
Is 73727 a composite number?
False
Is 34752833 a composite number?
True
Is 3471227 a composite number?
False
Is 1194659809 prime?
False
Is 456515 a composite number?
True
Is 546322963 a composite number?
False
Is 35068639 prime?
True
Is 53896083